ber?
False
Is 55210377 a prime number?
False
Is 6209867 prime?
True
Is 10691195 a prime number?
False
Is 6361307 a prime number?
True
Is 106690421 composite?
True
Is 12336131 composite?
False
Is 1266817873 prime?
True
Is 521617 prime?
False
Is 4408429 a prime number?
True
Is 13300009 prime?
False
Is 524129 a composite number?
True
Is 4548851 prime?
False
Is 12572363 composite?
True
Is 3847913 a composite number?
True
Is 109469947 a prime number?
True
Is 3652643 a prime number?
True
Is 16485077 a composite number?
True
Is 755663 a composite number?
False
Is 1914329 a prime number?
False
Is 276573067 composite?
False
Is 278102429 a composite number?
True
Is 53272277 composite?
True
Is 5394197 composite?
False
Is 12561529 a composite number?
False
Is 289847029 a prime number?
True
Is 91235633 a prime number?
True
Is 615971 a prime number?
True
Is 7437239 a prime number?
False
Is 20945747 composite?
False
Is 130292111 a composite number?
False
Is 2446559 a composite number?
True
Is 192796671 a composite number?
True
Is 1005527 a prime number?
True
Is 124130047 prime?
True
Is 1453303 prime?
False
Is 6306721 a prime number?
True
Is 1718993 a prime number?
False
Is 9680119 composite?
False
Is 21738901 prime?
True
Is 1511093 a composite number?
True
Is 46803443 prime?
True
Is 46472773 composite?
False
Is 155398123 a prime number?
True
Is 1159765631 a prime number?
True
Is 335165287 prime?
True
Is 602747 a prime number?
False
Is 118551311 a prime number?
True
Is 536483767 prime?
True
Is 3319391 a prime number?
True
Is 15536863 a composite number?
False
Is 826121 composite?
True
Is 29388167 a prime number?
True
Is 8083821 a prime number?
False
Is 4463353 prime?
False
Is 7032557 composite?
True
Is 85368566 a composite number?
True
Is 52724827 composite?
False
Is 515214321 a composite number?
True
Is 5012803 composite?
False
Is 1870007 prime?
False
Is 648667 a composite number?
True
Is 4232227 prime?
False
Is 3107915 composite?
True
Is 268121507 prime?
True
Is 18023857 prime?
False
Is 372081001 composite?
False
Is 28134203 a composite number?
True
Is 628863 a composite number?
True
Is 16262639 composite?
False
Is 100564979 a prime number?
False
Is 24544309 composite?
False
Is 1681853 composite?
False
Is 147684895 a composite number?
True
Is 7681891 a prime number?
False
Is 17408779 a prime number?
False
Is 697335791 composite?
True
Is 21582307 prime?
True
Is 157477217 prime?
False
Is 29224301 prime?
False
Is 1181239 composite?
True
Is 492827147 a prime number?
True
Is 12882743 composite?
False
Is 72714611 prime?
False
Is 1570603 a prime number?
True
Is 1680191 composite?
False
Is 2715159 a prime number?
False
Is 3796207 composite?
True
Is 20888867 a prime number?
False
Is 302111 a composite number?
False
Is 1053179 prime?
True
Is 37704697 prime?
True
Is 114950947 prime?
False
Is 79190799 composite?
True
Is 5175719 a composite number?
False
Is 13516207 a prime number?
False
Is 517269799 a prime number?
True
Is 197786861 a composite number?
False
Is 25097707 a prime number?
True
Is 504278 a composite number?
True
Is 7573087 a composite number?
False
Is 309365321 composite?
False
Is 74180217 a composite number?
True
Is 29557321 a prime number?
True
Is 5840951 a prime number?
True
Is 16350322 composite?
True
Is 305546971 a prime number?
True
Is 25287571 prime?
True
Is 228181 a composite number?
False
Is 4332373 a composite number?
True
Is 11329022 a composite number?
True
Is 9479731 a prime number?
False
Is 1130693 a prime number?
True
Is 97859813 prime?
True
Is 4201429 a composite number?
False
Is 440381111 composite?
True
Is 5943001 a prime number?
True
Is 263915 prime?
False
Is 11329459 a composite number?
True
Is 522943 a composite number?
False
Is 103778839 prime?
False
Is 377597 composite?
True
Is 2250223 prime?
True
Is 1827641 prime?
False
Is 10240147 a prime number?
False
Is 2403197 prime?
False
Is 8038217 composite?
True
Is 202549 composite?
False
Is 856532067 a composite number?
True
Is 329679359 a composite number?
True
Is 28549657 a composite number?
False
Is 3937919 a composite number?
False
Is 48803869 a composite number?
False
Is 1973537 composite?
True
Is 149893 composite?
False
Is 2740421 prime?
True
Is 2523739 a composite number?
False
Is 82253767 composite?
False
Is 104000321 a prime number?
True
Is 9163699 a composite number?
False
Is 7126417 a prime number?
False
Is 1477846 a composite number?
True
Is 31607969 prime?
True
Is 9515677 a composite number?
True
Is 10493999 a composite number?
False
Is 10514713 prime?
False
Is 4092821 composite?
True
Is 5948627 a prime number?
True
Is 146952809 a prime number?
True
Is 880531 a prime number?
True
Is 12001879 prime?
False
Is 87840937 prime?
False
Is 53878477 prime?
True
Is 5404433 a prime number?
True
Is 6565367 a composite number?
False
Is 22280605 a composite number?
True
Is 3047941 a prime number?
False
Is 21439 prime?
False
Is 218779049 composite?
False
Is 318332291 composite?
True
Is 66724517 composite?
False
Is 469411697 a prime number?
True
Is 3378253 prime?
True
Is 100142911 composite?
True
Is 39079 a composite number?
False
Is 4240721 a composite number?
False
Is 2550509 a composite number?
True
Is 3755285 composite?
True
Is 4281049 a prime number?
True
Is 21427387 composite?
True
Is 13561259 composite?
False
Is 33164189 composite?
True
Is 20130573 prime?
False
Is 221522491 prime?
True
Is 2494883 composite?
False
Is 585653639 prime?
True
Is 432725707 prime?
True
Is 134341687 a composite number?
True
Is 33562561 a composite number?
True
Is 22664447 a composite number?
True
Is 1108753 a prime number?
True
Is 8785349 prime?
True
Is 870647 composite?
True
Is 5269 a composite number?
True
Is 368611889 composite?
False
Is 22608337 a composite number?
False
Is 37373797 composite?
True
Is 1142809 composite?
False
Is 210538001 a composite number?
True
Is 878221 prime?
True
Is 8561521 a prime number?
False
Is 1509643 a composite number?
False
Is 375418889 prime?
False
Is 75665243 composite?
False
Is 13141351 a prime number?
True
Is 21200407 composite?
True
Is 10616803 a composite number?
True
Is 597031 a composite number?
False
Is 5229511 composite?
True
Is 4007657 a composite number?
False
Is 35898717 a composite number?
True
Is 2427043 composite?
False
Is 11228359 prime?
True
Is 5734343 prime?
True
Is 1337183 composite?
True
Is 33541909 prime?
True
Is 45542113 a composite number?
False
Is 36794491 composite?
False
Is 522363 composite?
True
Is 395237153 prime?
False
Is 2021857 a composite number?
True
Is 68482187 a prime number?
False
Is 1208393 a prime number?
False
Is 266869711 composite?
False
Is 22788698 composite?
True
Is 3449071 a prime number?
False
Is 16493 a prime number?
True
Is 845995 a prime number?
False
Is 80487581 a composite number?
False
Is 36624701 composite?
False
Is 45874793 a composite number?
False
Is 249379 composite?
True
Is 13103249 prime?
False
Is 74761759 prime?
True
Is 1853909 composite?
True
Is 22318643 a composite number?
False
Is 2849401 a prime number?
False
Is 431744939 prime?
True
Is 45184039 composite?
False
Is 30498473 a prime number?
True
Is 4514513 prime?
True
Is 79090243 a prime number?
False
Is 9123041 prime?
True
Is 10389749 composite?
True
Is 1646783 prime?
True
Is 9723701 prime?
False
Is 6896891 composite?
True
Is 13313731 a prime number?
True
Is 6303109 composite?
True
Is 6113089 a prime number?
False
Is 246251207 a prime number?
False
Is 104678933 a prime number?
True
Is 30077747 a prime number?
False
Is 401087 a prime number?
True
Is 27701909 a prime number?
True
Is 31725713 a prime number?
False
Is 75654559 a composite number?
False
Is 74614441 prime?
False
Is 1645087 a composite number?
False
Is 126513493 composite?
False
Is 58321513 composite?
True
Is 2395973 composite?
False
Is 725687 a prime number?
True
Is 10722473 a composite number?
False
Is 6584269 composite?
False
Is 14080421 a prime number?
True
Is 249016421 a composite number?
True
Is 9828521 a composite number?
True
Is 223593691 prime?
False
Is 8680255 composite?
True
Is 11978627 composite?
True
Is 1387273 a prime number?
False
Is 5230373 a prime number?
False
Is 26788729 composite?
True
Is 660329 composite?
False
Is 108165809 prime?
False
Is 2668747 prime?
False
Is 35798009 a compo